{"id":1004485,"date":"2022-02-04T16:27:00","date_gmt":"2022-02-04T15:27:00","guid":{"rendered":"https:\/\/puntocometa.dev\/?post_type=progetto&#038;p=1004485"},"modified":"2026-02-23T09:52:22","modified_gmt":"2026-02-23T08:52:22","slug":"dual-ad-european-dual-vet-system-adapted-to-people-with-intellectual-disability-and-special-needs","status":"publish","type":"progetto","link":"https:\/\/puntocometa.dev\/es\/progetto\/dual-ad-european-dual-vet-system-adapted-to-people-with-intellectual-disability-and-special-needs\/","title":{"rendered":"DUAL-Ad\u00a0EUROPEAN DUAL VET SYSTEM ADAPTED TO PEOPLE WITH INTELLECTUAL DISABILITY AND SPECIAL NEEDS"},"content":{"rendered":"\n<p class=\"wp-block-paragraph\"><strong>Cometa coordina ed \u00e8 partner di vari progetti cofinanziati dal programma Erasmus+ dell\u2019Unione Europea<\/strong><\/p>\n\n\n\n<p class=\"wp-block-paragraph\">Il progetto \u00e8 stato approvato da Servicio Espa\u00f1ol para la Internacionalizaci\u00f3n de la Espa\u00f1ol<\/p>\n\n\n\n<p class=\"wp-block-paragraph\"><em>The project was approved by Servicio Espa\u00f1ol para la Internacionalizaci\u00f3n de la Espa\u00f1ol<\/em><\/p>\n\n\n\n<p class=\"wp-block-paragraph\">CLOSED<\/p>\n","protected":false},"featured_media":1007093,"template":"","meta":{"_acf_changed":true,"give_campaign_id":0},"tipo-di-progetto":[299],"class_list":["post-1004485","progetto","type-progetto","status-publish","has-post-thumbnail","hentry","tipo-di-progetto-progetti-internazionali"],"acf":[],"_links":{"self":[{"href":"https:\/\/puntocometa.dev\/es\/wp-json\/wp\/v2\/progetto\/1004485","targetHints":{"allow":["GET"]}}],"collection":[{"href":"https:\/\/puntocometa.dev\/es\/wp-json\/wp\/v2\/progetto"}],"about":[{"href":"https:\/\/puntocometa.dev\/es\/wp-json\/wp\/v2\/types\/progetto"}],"wp:featuredmedia":[{"embeddable":true,"href":"https:\/\/puntocometa.dev\/es\/wp-json\/wp\/v2\/media\/1007093"}],"wp:attachment":[{"href":"https:\/\/puntocometa.dev\/es\/wp-json\/wp\/v2\/media?parent=1004485"}],"wp:term":[{"taxonomy":"tipo-di-progetto","embeddable":true,"href":"https:\/\/puntocometa.dev\/es\/wp-json\/wp\/v2\/tipo-di-progetto?post=1004485"}],"curies":[{"name":"wp","href":"https:\/\/api.w.org\/{rel}","templated":true}]}}

<p class="wp-block-paragraph"><strong>Cometa coordina ed è partner di vari progetti cofinanziati dal programma Erasmus+ dell’Unione Europea</strong></p>



<p class="wp-block-paragraph">Il progetto è stato approvato da Servicio Español para la Internacionalización de la Español</p>



<p class="wp-block-paragraph"><em>The project was approved by Servicio Español para la Internacionalización de la Español</em></p>



<p class="wp-block-paragraph">CLOSED</p>
