{"id":1004420,"date":"2026-02-04T13:50:06","date_gmt":"2026-02-04T12:50:06","guid":{"rendered":"https:\/\/puntocometa.dev\/?post_type=progetto&#038;p=1004420"},"modified":"2026-02-04T13:50:06","modified_gmt":"2026-02-04T12:50:06","slug":"edu-care-ii-curiamo-il-presente-dei-giovani","status":"publish","type":"progetto","link":"https:\/\/puntocometa.dev\/en\/progetto\/edu-care-ii-curiamo-il-presente-dei-giovani\/","title":{"rendered":"EDU.CARE II \u2013 Curiamo il presente dei giovani"},"content":{"rendered":"\n<p class=\"wp-block-paragraph\">Il progetto, giunto alla sua seconda annualit\u00e0, si propone di continuare a rispondere ai bisogni manifestati dai giovani della Provincia di Como e di Palermo che vivono una condizione di disagio sociale e di isolamento da istituzioni educative, formative e di protezione sociale come la Scuola. Attraverso il rafforzamento della partnership tra La Cometa SCS e Ass. Centro Studi Opera don Calabria, il progetto intende proseguire la sperimentazione di un modello di \u201cScuola Inclusiva\u201d che possa formare e rimotivare i giovani e contribuire alla loro occupabilit\u00e0 e avviamento alla vita adulta.<\/p>\n\n\n\n<p class=\"wp-block-paragraph\">Nello specifico, il progetto affronta il tema del supporto ai NEET e agli ELET affinch\u00e9 escano dalla loro condizione attraverso la formazione e l\u2019inserimento lavorativo in settori che offrono loro maggiore possibilit\u00e0 di occupazione. A tal fine, il progetto realizza per 195 giovani del territorio di Como e Palermo percorsi personalizzati di natura educativa e formativa, integrati da esperienze orientative afferenti a diversi ambiti (professionalizzanti, artistici, culturali) al fine di riaccendere nei beneficiari il senso di desiderio, motivazione e progettualit\u00e0 futura, favorendo la loro occupabilit\u00e0 e le loro possibilit\u00e0 di inserirsi in maniera qualificata nel mercato del lavoro. Per garantire una tenuta del lungo periodo dei percorsi intrapresi, il progetto prevede altres\u00ec momenti di capacity building degli educatori e formatori, nonch\u00e9 scambio di buone pratiche tra La Cometa SCS e l\u2019Associazione Centro Studi Opera don Calabria.<\/p>\n","protected":false},"featured_media":1004421,"template":"","meta":{"_acf_changed":true,"give_campaign_id":0},"tipo-di-progetto":[298],"class_list":["post-1004420","progetto","type-progetto","status-publish","has-post-thumbnail","hentry","tipo-di-progetto-progetti-nazionali"],"acf":[],"_links":{"self":[{"href":"https:\/\/puntocometa.dev\/en\/wp-json\/wp\/v2\/progetto\/1004420","targetHints":{"allow":["GET"]}}],"collection":[{"href":"https:\/\/puntocometa.dev\/en\/wp-json\/wp\/v2\/progetto"}],"about":[{"href":"https:\/\/puntocometa.dev\/en\/wp-json\/wp\/v2\/types\/progetto"}],"wp:featuredmedia":[{"embeddable":true,"href":"https:\/\/puntocometa.dev\/en\/wp-json\/wp\/v2\/media\/1004421"}],"wp:attachment":[{"href":"https:\/\/puntocometa.dev\/en\/wp-json\/wp\/v2\/media?parent=1004420"}],"wp:term":[{"taxonomy":"tipo-di-progetto","embeddable":true,"href":"https:\/\/puntocometa.dev\/en\/wp-json\/wp\/v2\/tipo-di-progetto?post=1004420"}],"curies":[{"name":"wp","href":"https:\/\/api.w.org\/{rel}","templated":true}]}}

<p class="wp-block-paragraph">Il progetto, giunto alla sua seconda annualità, si propone di continuare a rispondere ai bisogni manifestati dai giovani della Provincia di Como e di Palermo che vivono una condizione di disagio sociale e di isolamento da istituzioni educative, formative e di protezione sociale come la Scuola. Attraverso il rafforzamento della partnership tra La Cometa SCS e Ass. Centro Studi Opera don Calabria, il progetto intende proseguire la sperimentazione di un modello di “Scuola Inclusiva” che possa formare e rimotivare i giovani e contribuire alla loro occupabilità e avviamento alla vita adulta.</p>



<p class="wp-block-paragraph">Nello specifico, il progetto affronta il tema del supporto ai NEET e agli ELET affinché escano dalla loro condizione attraverso la formazione e l’inserimento lavorativo in settori che offrono loro maggiore possibilità di occupazione. A tal fine, il progetto realizza per 195 giovani del territorio di Como e Palermo percorsi personalizzati di natura educativa e formativa, integrati da esperienze orientative afferenti a diversi ambiti (professionalizzanti, artistici, culturali) al fine di riaccendere nei beneficiari il senso di desiderio, motivazione e progettualità futura, favorendo la loro occupabilità e le loro possibilità di inserirsi in maniera qualificata nel mercato del lavoro. Per garantire una tenuta del lungo periodo dei percorsi intrapresi, il progetto prevede altresì momenti di capacity building degli educatori e formatori, nonché scambio di buone pratiche tra La Cometa SCS e l’Associazione Centro Studi Opera don Calabria.</p>
