{"id":1004413,"date":"2026-02-04T12:07:14","date_gmt":"2026-02-04T11:07:14","guid":{"rendered":"https:\/\/puntocometa.dev\/?post_type=progetto&#038;p=1004413"},"modified":"2026-02-04T12:07:25","modified_gmt":"2026-02-04T11:07:25","slug":"affidarsi-famiglie-in-cammino-per-laffido-e-laccoglienza","status":"publish","type":"progetto","link":"https:\/\/puntocometa.dev\/en\/progetto\/affidarsi-famiglie-in-cammino-per-laffido-e-laccoglienza\/","title":{"rendered":"Affidarsi. Famiglie in cammino per l\u2019affido e l\u2019accoglienza."},"content":{"rendered":"\n<p class=\"wp-block-paragraph\"><em>L\u2019atto di generosit\u00e0 pi\u00f9 grande \u00e8 quello di chi accoglie, sapendo di dover lasciar andare\u2026<\/em><\/p>\n\n\n\n<p class=\"wp-block-paragraph\">Il progetto&nbsp;<strong>\u201cAffidarsi\u201d<\/strong>&nbsp;nasce per tutelare il bene dei&nbsp;<strong>minori in affido<\/strong>, con particolare attenzione ai minori con disabilit\u00e0, e alla prevenzione di possibili&nbsp;<strong>interruzioni dei percorsi di accoglienza<\/strong>.<\/p>\n","protected":false},"featured_media":1004414,"template":"","meta":{"_acf_changed":false,"give_campaign_id":0},"tipo-di-progetto":[298],"class_list":["post-1004413","progetto","type-progetto","status-publish","has-post-thumbnail","hentry","tipo-di-progetto-progetti-nazionali"],"acf":[],"_links":{"self":[{"href":"https:\/\/puntocometa.dev\/en\/wp-json\/wp\/v2\/progetto\/1004413","targetHints":{"allow":["GET"]}}],"collection":[{"href":"https:\/\/puntocometa.dev\/en\/wp-json\/wp\/v2\/progetto"}],"about":[{"href":"https:\/\/puntocometa.dev\/en\/wp-json\/wp\/v2\/types\/progetto"}],"wp:featuredmedia":[{"embeddable":true,"href":"https:\/\/puntocometa.dev\/en\/wp-json\/wp\/v2\/media\/1004414"}],"wp:attachment":[{"href":"https:\/\/puntocometa.dev\/en\/wp-json\/wp\/v2\/media?parent=1004413"}],"wp:term":[{"taxonomy":"tipo-di-progetto","embeddable":true,"href":"https:\/\/puntocometa.dev\/en\/wp-json\/wp\/v2\/tipo-di-progetto?post=1004413"}],"curies":[{"name":"wp","href":"https:\/\/api.w.org\/{rel}","templated":true}]}}

<p class="wp-block-paragraph"><em>L’atto di generosità più grande è quello di chi accoglie, sapendo di dover lasciar andare…</em></p>



<p class="wp-block-paragraph">Il progetto&nbsp;<strong>“Affidarsi”</strong>&nbsp;nasce per tutelare il bene dei&nbsp;<strong>minori in affido</strong>, con particolare attenzione ai minori con disabilità, e alla prevenzione di possibili&nbsp;<strong>interruzioni dei percorsi di accoglienza</strong>.</p>
